b + 13 = 0. Let w(x) = -3344 - 3343 + 2*x + 10027 - 3338. Give w(m).
8
Let v be 127/(-13) - (-93)/(-403). Let g(i) = 4*i + 46. Calculate g(v).
6
Let t(r) = r**2 + 15*r. Suppose -1397*o = -1308*o + 979. Calculate t(o).
-44
Let w(o) = o**3 - 3*o**2 + 3. Suppose 0*f = -2*i + 3*f + 21, -17 = -4*i + f. Let y be w(i). Let x be 21/(-63) - (-13)/y. Let u(j) = -j + 4. Calculate u(x).
0
Let a(j) be the first derivative of -j**4/4 + 3*j**3 - 3*j**2 - 20*j - 4924. Calculate a(8).
-4
Let z(h) = -h + 4. Let t(s) = -2. Suppose -2*m = -2 - 4. Let i(j) = m*t(j) + z(j). Determine i(4).
-6
Let c be (24 + -12)/(1/1). Let p(a) = c + 13 - 21 + a. Suppose -5*g + 3*q = -33, 2*g - 4 = 4*q + 12. Determine p(g).
10
Let l be 0 + 2/(-2) - -1. Let h = -2259 - -2259. Suppose l = -h*w + 4*w. Let z(a) = a**3 - a**2 - a + 8. Give z(w).
8
Let h(r) = 4663 - 2288 - 26*r - 2246. Calculate h(5).
-1
Let t(m) = m + 2. Let s = 316 - 322. Let g be 2/(-2)*7/((-7)/s). Determine t(g).
-4
Let o(u) = -7*u**2 - u**2 + 6*u**2 + 0*u - 4 + 5*u**2 - u. Determine o(3).
20
Let y(w) = w**3 + 2*w**2 - 6*w + 1. Let d(s) = -3*s**3 - 6*s**2 + 17*s - 2. Let q(h) = 4*d(h) + 11*y(h). Let g be 3*(14 + 88/(-6)). Determine q(g).
-1
Let w(k) = 5*k + 194. Suppose 0 = -4*f - 3*p - 138, -p + 40 - 190 = 4*f. Determine w(f).
-1
Suppose 2*r - 5*v = 36 - 1, 0 = -2*r + 2*v + 20. Suppose 4*q + 8 = r*x + 1, -2*q + 2*x = 2. Let o(c) = -6*c + 5*c + 0*c**q - 3*c**2 - 1 + 4*c**2. Give o(-1).
1
Let l(n) be the third derivative of -n**4/24 - 23*n**3/6 - 95*n**2 + 3*n. Calculate l(4).
-27
Let z(g) be the second derivative of 1/3*g**3 + 16*g + 0 + 5/2*g**2. Let i be (6/10 + -1)*-10. What is z(i)?
13
Suppose 244*g - 180 = 224*g. Let j(f) be the first derivative of -g + 2*f**2 - f**3 - 4*f + 1/4*f**4. What is j(3)?
8
Let r(h) = -2*h - 1. Suppose 4*b - 12 = 4*p, -5*p + b + 2*b = 21. Let a = 3 + p. Let n(t) = -t + 1. Let y(w) = a*n(w) + r(w). Determine y(3).
-1
Let y be (-71 - -74)*(-4)/(-6). Let l(s) be the first derivative of -3/2*s**y + 1/3*s**3 - 18 - 5*s. What is l(5)?
5
Let p = 304 - 302. Let w(j) = -66 - 5*j**p + 2*j + 5*j**3 + 4*j**2 + 63. Determine w(2).
37
Let i be (3/(-1) + -9)*13/26. Let v(q) be the second derivative of -q**5/20 - q**4/2 + 4*q**2 - 31*q + 1. Determine v(i).
8
Suppose 14*b - 10 + 38 = 0. Let z be ((-2)/b)/((-14)/(-98)). Let x(y) = -y**3 + 7*y**2 + 2*y + 8. Calculate x(z).
22
Suppose 7*u - 10 - 11 = 0. Let x(z) = -3*z**2 - 13*z - 18. Let a(r) = -r**2 - 6*r - 8. Let n(f) = u*x(f) - 7*a(f). What is n(-4)?
-42
Suppose 0*t - 8*t + 4304 = 0. Let q = t + -531. Let n(k) = -k + 9. Give n(q).
2
Let d(w) = 6 + 5*w + 10*w + w + w - 18*w. What is d(4)?
2
Let a(b) = -6*b + 6. Suppose -101*v - 209 = 94. Calculate a(v).
24
Let t(z) = 13*z + 15. Let g be t(0). Let l(j) = -5*j**2 - 3*j**2 + 4*j**2 - 8*j + g + 5*j**2 + 0*j**2. What is l(7)?
8
Let k(f) = -18*f + 1. Let g be 72*1 - (-5 - (-2 + -4)). Let j = g + -69. Suppose -8*u + 4*v = -3*u - 9, -u = -v - j. Calculate k(u).
-17
Suppose 379*r + 11 = 368*r. Let l(h) = -122*h**3 + h**2 - 2*h - 2. Calculate l(r).
123
Let r = 11 + -12. Let j(t) be the first derivative of t**6/60 - t**4/24 - 9*t**2/2 + 2. Let c(x) be the second derivative of j(x). Calculate c(r).
-1
Let f(j) be the first derivative of 0*j**2 + 1/12*j**4 - 2/3*j**3 + 25 + 11*j. Let y(s) be the first derivative of f(s). Give y(3).
-3
Let d(z) = z**3 - 7*z**2 - z + 3. Suppose j - x - 1 = 0, -2*j - 17 = -7*j + x. Suppose j + 6 = -5*q. Let a(w) = -w**2 - 8*w - 5. Let r be a(q). Determine d(r).
-4
Let d(u) = u**2 + 4*u + 34. Let g be d(-6). Suppose -15*b - g + 16 = 0. Let m(o) = -6*o**2 - 3*o - 2. Give m(b).
-20
Let t(f) = 11*f**2 + 10*f - 10. Let s(l) be the second derivative of 5*l**4/12 + 2*l**3/3 - 5*l**2/2 - 68*l + 1. Let m(u) = 13*s(u) - 6*t(u). Calculate m(-6).
7
Suppose 107 = -3*m - 124. Suppose -3*g = -2*u + 154, -7*u - 86 = -8*u - 3*g. Let c = m + u. Let d(q) = 2*q**3 - 3*q**2 - 3. Calculate d(c).
24
Suppose 3*g + g - 36 = 0. Let y be 5/15 + 15/g. Let z(f) = 11*f**2 - 3*f + f**3 - 9*f**y + 0*f + 5. Calculate z(-4).
-15
Let t(h) = 2*h - 12. Suppose 61*l + 1905 + 510 = -284*l. Calculate t(l).
-26
Let o(s) = -2*s**2 - 16*s - 42. Let w = 12763 - 12773. Give o(w).
-82
Let u(y) = -y**3 - 13*y**2 + 15*y + 14. Let v(l) = l**2 - 4*l - 40. Let r be v(9). Suppose -5*g - 66 = -3*o + r*o, -o - 54 = 4*g. Give u(g).
0
Let f(m) = -10*m + 8*m + 31*m + 1 + 7*m**2 - 2*m**3 - 16*m - 4*m. Determine f(-2).
27
Let p(m) = m**3 - 7*m**2 + 8*m + 8. Let i(x) = -x**3 + 7*x**2 - 7*x - 7. Let v(s) = 3*i(s) + 2*p(s). Suppose -7 = h + 237. Let q = 250 + h. What is v(q)?
1
Suppose -24 + 45 = 7*a. Let f(s) = -26*s**a + 17*s**3 + 8*s + 8*s**3 + 1 - s**2 - 4*s**2. Calculate f(-6).
-11
Let m be (-3 - 183/2)/((-11)/(-22)). Let x = m - -196. Let d(f) = f**3 - 6*f**2 - 7*f + 8. Calculate d(x).
8
Let v(q) be the first derivative of q**7/840 - q**6/72 - q**5/20 - q**4/6 + q**3/3 + q**2 + 68. Let p(o) be the third derivative of v(o). Give p(6).
-4
Let m(l) = 7 + 2*l**2 + 20*l**2 - 14 + 35 - l**3 - 2*l. Determine m(22).
-16
Let s(p) = 5 - 16*p**2 + 6 + 13 - 27 + 2. Let j be 1 + (0 + 2 - -2). Suppose -4*b = m - j + 1, 4*b - 3*m - 4 = 0. Give s(b).
-17
Let l(s) = -2*s**3 + 2*s**2 - 2*s - 2. Let a be (6/4 - (10 - -3))*-10. Let p = a - 113. Determine l(p).
-14
Let k = 517 + -507. Let a be 45/(-54)*-3*(-12)/k. Let d(p) = -p**3 - 4*p**2 - 3*p + 1. What is d(a)?
1
Let a(l) = 3*l + 2. Let u(q) = 13*q + 21 - 2*q**2 + 12 + 3*q**2. Suppose 0 = -y + 2, r - 1 + 2 = -4*y. Let w be u(r). Give a(w).
-7
Let p(s) = -4*s**2 + 11*s + 1. Let f be 25 + 340/60*-3. Calculate p(f).
-167
Let w(u) be the second derivative of -u**3/6 + 9*u**2/2 + u + 59. Suppose 0 = -3*g + 17 + 25. Suppose 7*i - 42 = g. Determine w(i).
1
Suppose -b + 2*o = -12, -9*b + 4 = -6*b + 2*o. Let r(a) = b*a + a + 48*a**2 - a - 47*a**2. What is r(-5)?
5
Let m = 0 + 2. Suppose -z - 5*y = -13, 3*z + 1 = 7*y - 2*y. Let b(v) = -32*v + 2*v**z - 20*v**2 + 19*v**2 - 3 + 35*v. Give b(m).
15
Let l(w) = 2*w - 7. Suppose -2*n = -5*q - 88, -3*q - 3*n = 21 + 15. Let f be 6 + 4 + q/8. What is l(f)?
9
Let t(d) = 36*d + 436. Let i = 1569 - 1581. Determine t(i).
4
Suppose 0 = 5*a - 4*h - 106, -3*h + 20 = -8*h. Let k = -21 - a. Let y = -44 - k. Let q(n) = 2*n - 3. Determine q(y).
-13
Let q = 14 - -4. Suppose t = -5, -6*l + 7*l + 16 = -3*t. Let x be 6*2*(q/12 + l). Let n(y) = -y**3 + 6*y**2 + y - 8. Determine n(x).
-2
Let k(u) = -4*u**2 - 2. Suppose 46 = -z + 24*z. Suppose 3*m - 16 = z*s, 5*m - m = 3*s + 23. Calculate k(m).
-18
Let l(y) be the second derivative of -y**5/20 + y**4/3 + 10*y**3/3 + 3*y**2 - 1320*y. Give l(7).
-1
Let k(t) = -t**2 + 14*t - 19. Let d = 250 + -260. Let w be (d/40)/((-2)/104). Give k(w).
-6
Let d(v) be the first derivative of 13/3*v**3 + 0*v**4 + 0*v**2 + 3 + 1/30*v**5 + 0*v. Let h(u) be the third derivative of d(u). Give h(-3).
-12
Let w be (55/(-9) - -2) + (-11)/(-99). Let a(t) = 7*t - 4. Let x(d) = -d. Let c = 6 + -7. Let s(j) = c*a(j) + w*x(j). Calculate s(5).
-11
Let r be 2/(-6)*(16 + -28) + 212. Let s = r + -204. Let a(t) = 2*t**2 - 25*t + 7. Calculate a(s).
-5
Let h(i) be the third derivative of i**4/6 + i**3/3 - 733*i**2. Determine h(1).
6
Let f be (33/(-9))/11 - (-14)/6. Let w(y) = -y**3 + 3. Let o be w(0). Let d(k) = k**f - 3*k + k + o*k + 3. What is d(0)?
3
Let w(o) = -2*o**2 + 8*o + 22. Suppose -176*b + 328 = -135*b. What is w(b)?
-42
Let o(q) = -q + 5. Let d(w) = -w**3 - 16*w**2 + 193*w + 28. Let c be d(-24). Give o(c).
1
Suppose 4*t + 12 = -4*x, 5*t + 73 - 3 = 6*x. Let b(o) = o**2 + 9*o + 13. Give b(t).
5
Let f(u) = u - 13. Suppose 0 = -6*j + 24 + 48. Suppose -3*y = -2*s + 12, 4*y + 4 = 4*s - j. Let b(r) = r**2 + 4*r + 9. Let q be b(y). What is f(q)?
-4
Let z = 2840 - 2834. Let f(n) = -6*n + 16. Let s(j) = 7*j - 16. Let b(x) = -5*f(x) - 4*s(x). Determine b(z).
-4
Let v(k) = -k**3 - 12*k**2 + 12*k - 22. Let d(o) = o**2 - 67*o - 531. Let j be d(-7). What is v(j)?
-9
Let g = -14231 + 14220. Let y(v) = -2*v - 19. Give y(g).
3
Let g(p) be the third derivative of 0 + 132*p**2 + 0*p + 1/12*p**5 - 1/120*p**6 - 1/4*p**4 + 0*p**3. Let n be (1 + -2)*2 + 6. What is g(n)?
-8
Let m(b) = -b**2 + b + 11. Let w(s) = -s**2 + 19*s - 86. Let p be w(13). What is m(p)?
-61
Let x(g) be the second deriv